{"id":2,"date":"2021-07-08T20:41:46","date_gmt":"2021-07-08T20:41:46","guid":{"rendered":"http:\/\/federacionzacatecana.org\/?page_id=2"},"modified":"2026-02-27T19:43:58","modified_gmt":"2026-02-27T19:43:58","slug":"mesa-directiva","status":"publish","type":"page","link":"https:\/\/federacionzacatecana.org\/portada\/mesa-directiva\/","title":{"rendered":"Mesa Directiva"},"content":{"rendered":"\n\n<p class=\"nombre\">Dar\u00edo Casta\u00f1eda<\/p>\n<p class=\"titulo\">Presidente<\/p>\n<p class=\"nombre\">J. Guadalupe G\u00f3mez<\/p>\n<p class=\"titulo\">1er Vicepresidente<\/p>\n<p class=\"nombre\">J. Guadalupe Rodr\u00edguez<\/p>\n<p class=\"titulo\">2do Vicepresidente<\/p>\n<p class=\"nombre\">Magdalena Sofia del Toro<\/p>\n<p class=\"titulo\">Secretaria General<\/p>\n<p class=\"nombre\">Jes\u00fas Garc\u00eda<\/p>\n<p class=\"titulo\">Subsecretario General<\/p>\n<p class=\"nombre\">Lidia Rom\u00e1n<\/p>\n<p class=\"titulo\">Tesorera<\/p>\n<p class=\"nombre\">Graciela E. Valdez<\/p>\n<p class=\"titulo\">Subtesorera<\/p>\n<p class=\"nombre\">Santiago Rosales<\/p>\n<p class=\"titulo\">Secretario de Relaciones P\u00fablicas<\/p>\n<p class=\"nombre\">Mar\u00eda de los \u00c1ngeles Dom\u00ednguez<\/p>\n<p class=\"titulo\">Secretaria de Eventos<\/p>\n<p class=\"nombre\">Adriana Ortiz<\/p>\n<p class=\"titulo\">Secretaria de Prensa<\/p>\n<p class=\"nombre\">Abel Castro<\/p>\n<p class=\"titulo\">Secretario de Educaci\u00f3n<\/p>\n<p class=\"nombre\">Salvador Campos<\/p>\n<p class=\"titulo\">Secretario de Bienes<\/p>\n<p class=\"nombre\">Rafael Mendoza<\/p>\n<p class=\"titulo\">Secretario de Deportes<\/p>\n<p class=\"nombre\">Sa\u00fal R\u00edos<\/p>\n<p class=\"titulo\">Secretario de Proyectos<\/p>\n<p class=\"nombre\">Virginia Castro<\/p>\n<p class=\"titulo\">Secretaria de Cultura<\/p>\n<p class=\"nombre\">Rudy Rios<\/p>\n<p class=\"titulo\">Secretario de Orden<\/p>\n<p class=\"nombre\">Carmen Alem\u00e1n<\/p>\n<p class=\"titulo\">Secretaria de Cert\u00e1menes<\/p>\n<p class=\"nombre\">Cresencio Gonz\u00e1lez<\/p>\n<p class=\"titulo\">Primer Vocal<\/p>\n<p class=\"nombre\">Alfredo Rom\u00e1n<\/p>\n<p class=\"titulo\">Segundo Vocal<\/p>\n<p class=\"nombre\">Jorge Ortiz<\/p>\n<p class=\"titulo\">Tercer Vocal<\/p>\n<p class=\"nombre\">Mar\u00eda Castro<\/p>\n<p class=\"titulo\">coordinadora de Coraz\u00f3n de Plata<\/p>\n<p class=\"nombre\">Mar\u00eda G. Rios<\/p>\n<p class=\"titulo\">Srita Zacatecas-Los \u00c1ngeles 2025-2026\n<p class=\"nombre\">Elisa Arellano<\/p>\n<p class=\"titulo\">Primer Princesa<\/p>\n<p class=\"nombre\">Jasmin Ornelas<\/p>\n<p class=\"titulo\">Segunda Princesa<\/p>\n\n\n<p class=\"\"><\/p>\n\n\n\n<p class=\"\"><\/p>\n\n\n\n<p class=\"\"><\/p>\n\n\n\n<p class=\"\"><\/p>\n","protected":false},"excerpt":{"rendered":"<p>Dar\u00edo Casta\u00f1eda Presidente J. Guadalupe G\u00f3mez 1er Vicepresidente J. Guadalupe Rodr\u00edguez 2do Vicepresidente Magdalena Sofia del Toro Secretaria General Jes\u00fas Garc\u00eda Subsecretario General Lidia Rom\u00e1n Tesorera Graciela E. Valdez Subtesorera Santiago Rosales Secretario de Relaciones P\u00fablicas Mar\u00eda de los \u00c1ngeles Dom\u00ednguez Secretaria de Eventos Adriana Ortiz Secretaria de Prensa Abel Castro Secretario de Educaci\u00f3n Salvador Campos Secretario de Bienes Rafael Mendoza Secretario de Deportes Sa\u00fal R\u00edos Secretario de Proyectos Virginia Castro Secretaria de Cultura Rudy Rios Secretario de Orden Carmen Alem\u00e1n Secretaria de Cert\u00e1menes Cresencio Gonz\u00e1lez Primer Vocal Alfredo Rom\u00e1n&hellip;<\/p>\n","protected":false},"author":1,"featured_media":0,"parent":0,"menu_order":0,"comment_status":"closed","ping_status":"closed","template":"","meta":{"nf_dc_page":"","ngg_post_thumbnail":0,"footnotes":""},"class_list":["post-2","page","type-page","status-publish","hentry"],"jetpack_sharing_enabled":true,"_links":{"self":[{"href":"https:\/\/federacionzacatecana.org\/portada\/wp-json\/wp\/v2\/pages\/2","targetHints":{"allow":["GET"]}}],"collection":[{"href":"https:\/\/federacionzacatecana.org\/portada\/wp-json\/wp\/v2\/pages"}],"about":[{"href":"https:\/\/federacionzacatecana.org\/portada\/wp-json\/wp\/v2\/types\/page"}],"author":[{"embeddable":true,"href":"https:\/\/federacionzacatecana.org\/portada\/wp-json\/wp\/v2\/users\/1"}],"replies":[{"embeddable":true,"href":"https:\/\/federacionzacatecana.org\/portada\/wp-json\/wp\/v2\/comments?post=2"}],"version-history":[{"count":5,"href":"https:\/\/federacionzacatecana.org\/portada\/wp-json\/wp\/v2\/pages\/2\/revisions"}],"predecessor-version":[{"id":2614,"href":"https:\/\/federacionzacatecana.org\/portada\/wp-json\/wp\/v2\/pages\/2\/revisions\/2614"}],"wp:attachment":[{"href":"https:\/\/federacionzacatecana.org\/portada\/wp-json\/wp\/v2\/media?parent=2"}],"curies":[{"name":"wp","href":"https:\/\/api.w.org\/{rel}","templated":true}]}}