{"id":1396,"date":"2022-02-03T22:43:02","date_gmt":"2022-02-03T22:43:02","guid":{"rendered":"http:\/\/federacionzacatecana.org\/?page_id=1396"},"modified":"2022-03-17T22:25:17","modified_gmt":"2022-03-17T22:25:17","slug":"mision","status":"publish","type":"page","link":"https:\/\/federacionzacatecana.org\/portada\/mision\/","title":{"rendered":"Qui\u00e9nes Somos"},"content":{"rendered":"\n<p class=\"has-vivid-green-cyan-color has-text-color has-medium-font-size\">Misi\u00f3n&nbsp;<\/p>\n\n\n\n<p>La Federaci\u00f3n continuar\u00e1 promoviendo el desarrollo de liderazgo, la educaci\u00f3n y fomentando la cultura zacatecana, creando mecanismos efectivos, infraestructura y el conocimiento para asegurar el desarrollo sostenible de \u00e9xito en las comunidades Zacatecanas.<\/p>\n\n\n\n<p class=\"has-light-green-cyan-color has-text-color has-medium-font-size\"><br><strong>Visi\u00f3n<\/strong><\/p>\n\n\n\n<p>Una comunidad Zacatecana educada e inmersa culturalmente, estar\u00e1 en una posici\u00f3n de liderazgo y empoderamiento para influir en el \u00e9xito y calidad de vida de los Zacatecanos.<\/p>\n\n\n\n<p class=\"has-light-green-cyan-color has-text-color has-medium-font-size\"><br><strong>Mission&nbsp;<\/strong><\/p>\n\n\n\n<p>The Federation will continue to drive leadership development, support educational endeavors and foster Zacatecan cultural awareness while creating and enhancing effective mechanisms, infrastructures, and knowledge base, to ensure sustainable and successful economic development in Zacatecan communities.&nbsp;<\/p>\n\n\n\n<p class=\"has-light-green-cyan-color has-text-color has-medium-font-size\"><br><strong>Vision<\/strong><\/p>\n\n\n\n<p>Educated and culturally immersed members of the Zacatecan community will be placed in empowered leadership positions to influence the success and quality of life of the Zacatecan community&nbsp;&nbsp;<\/p>\n\n\n\n<p><\/p>\n","protected":false},"excerpt":{"rendered":"<p>Misi\u00f3n&nbsp; La Federaci\u00f3n continuar\u00e1 promoviendo el desarrollo de liderazgo, la educaci\u00f3n y fomentando la cultura zacatecana, creando mecanismos efectivos, infraestructura y el conocimiento para asegurar el desarrollo sostenible de \u00e9xito en las comunidades Zacatecanas. Visi\u00f3n Una comunidad Zacatecana educada e inmersa culturalmente, estar\u00e1 en una posici\u00f3n de liderazgo y empoderamiento para influir en el \u00e9xito y calidad de vida de los Zacatecanos. Mission&nbsp; The Federation will continue to drive leadership development, support educational endeavors and foster Zacatecan cultural awareness while creating and enhancing effective mechanisms, infrastructures, and knowledge base, to&hellip;<\/p>\n","protected":false},"author":1,"featured_media":0,"parent":0,"menu_order":0,"comment_status":"closed","ping_status":"closed","template":"","meta":{"nf_dc_page":"","ngg_post_thumbnail":0,"footnotes":""},"class_list":["post-1396","page","type-page","status-publish","hentry"],"jetpack_sharing_enabled":true,"_links":{"self":[{"href":"https:\/\/federacionzacatecana.org\/portada\/wp-json\/wp\/v2\/pages\/1396","targetHints":{"allow":["GET"]}}],"collection":[{"href":"https:\/\/federacionzacatecana.org\/portada\/wp-json\/wp\/v2\/pages"}],"about":[{"href":"https:\/\/federacionzacatecana.org\/portada\/wp-json\/wp\/v2\/types\/page"}],"author":[{"embeddable":true,"href":"https:\/\/federacionzacatecana.org\/portada\/wp-json\/wp\/v2\/users\/1"}],"replies":[{"embeddable":true,"href":"https:\/\/federacionzacatecana.org\/portada\/wp-json\/wp\/v2\/comments?post=1396"}],"version-history":[{"count":4,"href":"https:\/\/federacionzacatecana.org\/portada\/wp-json\/wp\/v2\/pages\/1396\/revisions"}],"predecessor-version":[{"id":1642,"href":"https:\/\/federacionzacatecana.org\/portada\/wp-json\/wp\/v2\/pages\/1396\/revisions\/1642"}],"wp:attachment":[{"href":"https:\/\/federacionzacatecana.org\/portada\/wp-json\/wp\/v2\/media?parent=1396"}],"curies":[{"name":"wp","href":"https:\/\/api.w.org\/{rel}","templated":true}]}}